 + 1 + 0)
-5
What is the value of 58 - ((-79 - -1) + 122)?
14
44 - (-5 + 9) - (-35 + -1 - -34)
42
Evaluate (1 - (-44 + (-21 - -2))) + 4 + -16.
52
What is 16 + -18 - -5 - 29 - (6 + -1 + 0)?
-31
What is the value of (7 - -76) + 27 + 12?
122
36 + (-41 - 9) - (3 - 23) - (105 + 4)
-103
What is the value of -45 - (-40 + -74 + 38)?
31
Calculate 9 - (-48 + 60 - 54).
51
Calculate (2 - 112 - -1) + -6581 + 6573.
-117
What is the value of 31 + -12 + -6 + (-10 - -1) - 46?
-42
Calculate -91 - (102 + -112) - -1.
-80
Calculate -56 + -113 - -34 - -54.
-81
What is (1 - -22) + -2 + -10 - (77 - 61)?
-5
Calculate 10 - (3 + -3 - (-95 - -86)) - 43.
-42
What is (-1 + 26 + -43 - 106) + -2 - -12?
-114
Calculate -22 - -50 - -19 - (0 - 9).
56
Calculate -1 + -32 + 0 + 28 - (0 - 36).
31
What is the value of (-2 + 13 - 4 - 11 - 1) + 7 - 8?
-6
-15 - (-23 + 8 + 32 + -21)
-11
What is -19 + -1 + 45 + 13?
38
Calculate -27 - ((-39 - 27) + 10).
29
What is the value of 1195 - 1184 - (-49 - 3)?
63
What is (-23 - -30 - (1 - -3)) + 3 + 5?
11
14 - -7 - 0 - (-5 + -1 + -4 + 3)
28
Evaluate 1 + (-1 - -3) + -44 + (12 - -49).
20
Evaluate (-126 + -10 - (-3 + -1)) + -8 + 20.
-120
Calculate -59 + 8 - 1 - -3 - -15.
-34
Calculate 1 + 0 + 7 + (-7 + 30 - 26) + -63.
-58
Calculate -7 - (-3 - 33 - (-6 - -1) - -5).
19
Evaluate -67 - (15 - 0 - (-200 - -183 - (-36 - 1))).
-62
(42 - 14) + (10 - 9) - (-9 - 2)
40
What is the value of 103 + (8 - 1 - (-9 - -22)) + (30 - 19)?
108
46 - 0 - (-150 - -173) - -22
45
Calculate 5 - (20 + -1) - (-2 - 3).
-9
-3 - 0 - (-6 - (-21 + 12) - -2)
-8
What is (-10 - (2 + -20)) + -9 + -36?
-37
What is the value of -5 + (-3 - -15 - ((24 - -8) + -23))?
-2
Evaluate -34 + 35 - -1 - 12.
-10
What is the value of (-5 + (27 - 5) - 4) + -27?
-14
(17 - (-3 - 3)) + (-13 - -9 - -14)
33
What is the value of -12 - (9 - (-14 - (5 - 31))) - -18?
9
What is 4 + -26 + (15 + -1 - (-168 - -185))?
-25
What is the value of -65 + 37 - 42 - -35?
-35
What is 74 - (23 - (-17 + (16 + -11 - -27)))?
66
Evaluate -7 + 0 + (-7 + (18 - -1) - 9) + 106.
102
What is 48 - (-14 - -21) - (-283 - -264)?
60
What is the value of -62 - (-113 + -84 + 131)?
4
Evaluate 38 + (-3 + 5 - 4 - (2 - (7 + 4))).
45
What is -57 - -51 - (20 + 22)?
-48
-14 - 7 - -39 - 19
-1
Evaluate (-84 - 1) + 7 + (-4 + 19 - 7) + -21.
-91
What is (-20 - 2) + (-433 - -457) + -27 + 1?
-24
What is (-16 - -33) + -98 + 5 + 14 + -4?
-66
Calculate ((4 - 7) + -13 - (-786 + 706)) + (2 - -1).
67
What is the value of -2 + -72 + 20 - -18?
-36
What is (110 - 178) + (3 - 10) + (17 - 5)?
-63
(-7 - -7) + 0 + 2 + 10 - (407 - 497)
102
Calculate (-42 - -109) + -67 + 90.
90
Calculate 54 - (39 - (-25 - -15)).
5
What is the value of -46 - ((-68 - -71) + (1 - -10) - 9)?
-51
What is -1 - -1 - -9 - ((-10 - -41) + (233 - 146))?
-109
(91 + 0 - (37 + -32)) + (25 - 49)
62
-2 + -31 + -1 + (-4 - (-7 - -9) - -18)
-22
(-23 - 16 - 47) + 44
-42
(-61 - -41) + 91 + -44
27
-21 + -8 + 1 - -18 - (-52 + -2)
44
Evaluate 13 - (-5 + 11 + -3 + 18).
-8
Calculate (-72 - -1) + (10357 - 10236).
50
Evaluate (2 - (39 + 2)) + ((18 - 0) + -6 - 13).
-40
Evaluate -16 + -5 + -23 + 63 + -76.
-57
-12 - ((1 + (1 - 22) - -16) + 25)
-33
What is the value of 7 + 4 + (89 - 56) + -33?
11
What is the value of (-48 - (-4 + (1 - -2))) + (13 - -40 - 57)?
-51
What is -120 + 131 + (2 - 2)?
11
What is the value of -77 + 128 - (53 + 8)?
-10
What is the value of (1 - (5 - (-15 + 5)) - (-96 - -96)) + 8?
-6
What is (148 - 81) + -58 + 23?
32
What is the value of -98 + -1 - (18 + (63 - 94)) - -8?
-78
What is the value of 7 - ((-2 - (-2 + -8)) + -6 + 37)?
-32
Evaluate -20 + (3 - -2) + (-144 - -227).
68
What is the value of -26 + 185 - 149 - (-89 - -2)?
97
What is 1080 + -1107 - (-2 + 57)?
-82
Evaluate 16 - (-20 - -20) - -17 - 123.
-90
What is the value of -35 + 15 - ((12 - 18) + 8)?
-22
Evaluate (4 - 7) + (4 - (-61 - -35)).
27
Calculate -13 + 26 - (9 - (21 - -20)).
45
Evaluate 20 + (38 - 15 - (8 + 1)) + -21.
13
(2 - -73) + (1 - (45 + -23)) + 21
75
What is the value of -103 - (49 - (-91 - -171))?
-72
What is the value of 149 - 99 - (-17 - -44)?
23
Calculate (1 - (2 + 50)) + (6 - (0 + -9 - -15)).
-51
-4 - (1 - (3 + -3 - (10 + -4 + -9)))
-2
Calculate -27 + 55 + 56 + -59.
25
What is the value of 121 + -22 + -6 + 3 + 7 + (-68 - -55)?
90
Evaluate 1 + (3 - (9 - -4) - (0 - 27)).
18
43975 + -43966 + (-20 - (-2 - -1))
-10
19 - (23 - (20 - (-22 + 20)))
18
What is the value of (0 - (81 + -1)) + (10 - (-89 + 94))?
-75
Calculate (-6 - (4 + (17 - 11) - (15 + -1))) + -86.
-88
What is the value of 55 - (106 + (64 - 91))?
-24
What is the value of 28 - (48 - (-22 - -68))?
26
What is the value of -63 + (142 + -42 - 23)?
14
Calculate -8 + -4 + (11 - (-10 - -10)) + 52.
51
What is (-49 + 92 - -16) + -65?
-6
Calculate -2 + 1 + 5 - (420 + -428).
12
Calculate 26 + (2 - 6) + -8 + 11 + -13.
12
What is the value of (-4 - 0) + -118 + 182 + -8 + (4 - 5)?
51
What is 1 - 7 - (58 - (-13 - (-122 + 2)))?
43
-133 + 70 + (32 - -2)
-29
Calculate 2 - (46 + 37 + -57).
-24
What is the value of -49 - (151 + -89 + 1)?
-112
What is the value of -18 - ((-71 - -52) + (41 - -3))?
-43
What is the value of -21 + 1 + 27 - (-3 - (15 + -1))?
24
-13 - 2 - (10 - 0 - 18)
-7
What is 97 + (-8 - (-22 + 63))?
48
Evaluate 39 - 7 - -17 - (-4 + -2).
55
What is the value of -192 - (-255 - -52) - (1 + 64)?
-54
What is 5 + (4 - 0) + 4 + -40 + -23 - -8?
-42
What is -267 + 139 + 44 + 214?
130
0 - -33 - (186 - 142)
-11
Calculate (10 + -78 - -8) + (-10 - 1).
-71
What is -260 - -257 - (37 + -3)?
-37
Evaluate -14 + (6 + -9 - (-2 - (-3 - (3 + 2)))).
-23
What is -2 - (-3 + (-1 + 19 - (8 - 2)))?
-11
Evaluate 7 - -2 - (-19 - (-2 - 4) - -10).
12
Evaluate (-14 - -26 - 13 - 16) + 21.
4
What is the value of (17 - -85) + 20 - -4 - (-1 + 3 - 1)?
125
What is the value of (21 + -32 - -22 - -10) + 68?
89
What is the value of (4 - 0) + -12 - (321 + -301)?
-28
Calculate 31 + (-137 - (146 - 363)).
111
What is the value of 72 - 20 - (5 + -2 - (-4 + 8))?
53
-83 - (-7 - -36) - -20 - (4 + -18)
-78
Calculate -21 - 57 - -79 - 22.
-21
What is the value of -114 + 115 + 14 + 2?
17
What is (105 - 108) + (3 - 6 - -2) + (10 - 0)?
6
What is the value of -6590 - -6513 - (1 + -1 + -1 + 23)?
-99
Calculate 8 - (-41 + (4 - 9 - (-12 + -3)) + -16).
55
-136 + -2 + 3 + 8 + 5 + (10 - 2)
-114
Evaluate 7 + (-12 - -5) - (-19 + 15).
4
3204 - 3111 - (188 + -5)
-90
Calculate 1 - 1 - 6 - ((15 - -38 - -6) + 6).
-71
What is (-9 + (-15 - -11) + -3 - (-15 + 4)) + -48?
-53
Calculate 94 + (-5 - -12 - (10 - 10 - -5)).
96
Evaluate 0 + -2 + 6 + -18 + 7 + -159 + 111.
-55
What is -490 - -481 - (11 + -9 + 14 + -1)?
-24
Evaluate (-2 - -7) + 47 + -25 - (-6 - 0) - -2.
35
22 + 12 + (32 - 42) + -94
-70
Evaluate 28 + (-27 - (-45 + 2 + 31)).
13
What is the value of -39 + (143 - 122) + -1 + 17?
-2
60 - (32 + 89 + -23)
-38
What is the value of 12 + (8 + 2 + -6 - 18) - 52?
-54
Calculate -4 + -56 + (-254 - -308) + (0 - (-39 + 0)).
33
Evaluate -2 + -10 + 11 + 129 + -150.
-22
What is the value of -31 + (-22 - (-12 + -75))?
34
Evaluate (-15 - -50 - 16) + (-4 - -14 - 2).
27
Calculate -30 + -15 - (-17 + (-59 - -6)).
25
Evaluate 168 + -194 + (18 - -1) - -14 - 101.
-94
Evaluate (-33 - (21 - 32) - -3) + 69.
50
9 - (42 + -1) - -29
-3
Calculate 10 - (-2 + (-25 - (0 + -4) - 5)).
38
Calculate -3 - (20 + (-1 - ((9 - -2) + -9 + 1))).
-19
What is 36 - ((33 - 81) + 96)?
-12
Evaluate (-10 - -1) + (-11 - ((-32 - -31) + -8)).
-11
Calculate (-8 - ((-30 - -13) + 17)) + (23 - 0).
15
What is (0 - ((14 + -18 + -5 - -4) + 14)) + 118?
109
-2 - (16 + -5 + -7 + -5) - (-23 - -35)
-13
Evaluate 1 - -8 - -7 - (-112 - -86).
42
What is -86 + 20 + (3 + (12 - 0) - 45)?
-96
What is 43 + -2 + 18 + -55?
4
Evaluate (2 - -15) + -8 + -38 - (13 + (9 - 11)).
-40
What is the value of -50 - -47 - (0 - 2 - -6) - -10 - -54?
57
What is (-3 + 4 - 4) + 53 - (-26 + 18 - -4)?
54
Evaluate -61 - -63 - (29 + -1 + (-4 - -3 - 4)).
-21
Calculate 18 + (-3 + -4 - 1) - (-4 + 62).
-48
-54 + (9 - (8 - 4)) + (27 - 10) + -2
-34
(-1 - -15 - (13 - 60 - -15)) + 0
46
What is the value of 12 + 5 - (-28 + (23 + -32 - -27))?
27
Evaluate (84 - 87) + -35 + 87.
49
Evaluate (5 + 0 - (13 - 33 - -12)) + -22 + 8.
-1
Calculate -2 + (-3 + 11 - (4 - -78)) + (-15 - -10).
-81
What is 524 + -885 + 471 - (0 + 1 + -15)?
124
Calculate (3 - 2) + -57 